10 - -74451?
74441
In base 13, what is 7 + ab8b?
ab95
In base 15, what is 16 + -3129?
-3113
In base 15, what is 714625 + -4?
714621
In base 10, what is 4 - 3709?
-3705
In base 10, what is 1 - -1641?
1642
In base 14, what is 5c3a + 2?
5c3c
In base 14, what is -5 + -4a1c?
-4a23
In base 2, what is -10110110 + 101010101?
10011111
In base 14, what is 18 + -8c78?
-8c60
In base 14, what is ba65 + 0?
ba65
In base 10, what is 4 + -3507?
-3503
In base 16, what is -2 + 1c30?
1c2e
In base 4, what is 103211003 - -11?
103211020
In base 6, what is -1424250 + 103?
-1424143
In base 3, what is -10 - 2211021221?
-2211022001
In base 13, what is 5 - -42a?
432
In base 12, what is -79 - 406?
-483
In base 15, what is 2512 - -21?
2533
In base 9, what is -18185 + 2?
-18183
In base 8, what is 2 + 2273274?
2273276
In base 8, what is -3 + 14106?
14103
In base 14, what is 4 + -1d45?
-1d41
In base 11, what is -1 + -1a4138?
-1a4139
In base 4, what is -1102 + -122223?
-123331
In base 7, what is 505 - -2506?
3314
In base 12, what is -62aa2 + 17?
-62a87
In base 3, what is 1111 - 1110021?
-1101210
In base 7, what is -14366 - -1025?
-13341
In base 14, what is -2 - 3a205?
-3a207
In base 11, what is -11 + -1507?
-1518
In base 3, what is 10001212121 + 100?
10001212221
In base 11, what is -16a402 + -5?
-16a407
In base 12, what is -5 - -a528?
a523
In base 6, what is 4122101 + -10?
4122051
In base 9, what is -454 - -3460?
3005
In base 9, what is -78 + -8826?
-10015
In base 14, what is -3ca45 - -4?
-3ca41
In base 15, what is 1 + -17e0?
-17de
In base 7, what is 1002466 - 5?
1002461
In base 6, what is 105 - -221?
330
In base 15, what is -29 + 85a?
831
In base 14, what is 3 - -19464?
19467
In base 6, what is -11 + -12300?
-12311
In base 4, what is 3100 + 113001?
122101
In base 10, what is 257400 + -5?
257395
In base 2, what is -101111111 + -1010001101100?
-1010111101011
In base 13, what is 5 - -24caa0?
24caa5
In base 3, what is -120 + 101201211121?
101201211001
In base 13, what is -4a3440 - -1?
-4a343c
In base 6, what is 141150 + -2?
141144
In base 10, what is 3 + -123487?
-123484
In base 9, what is -4 + -54305?
-54310
In base 9, what is -33724 + 44?
-33670
In base 11, what is 184a7 - -8?
18504
In base 8, what is -1654 + 2161?
305
In base 13, what is -25 - 2a9c0?
-2aa15
In base 16, what is -571 - 1b3?
-724
In base 6, what is -40 - 521030?
-521110
In base 6, what is 31124 + -101?
31023
In base 16, what is -2 - -cf0f?
cf0d
In base 6, what is 115323 + -5?
115314
In base 14, what is 2 - 4c6ac?
-4c6aa
In base 14, what is -2 + -8861?
-8863
In base 11, what is -19 - 161?
-17a
In base 8, what is -76557 + -53?
-76632
In base 14, what is -5a86 + -10?
-5a96
In base 14, what is -4d47 - -2?
-4d45
In base 15, what is -4 + -2e67?
-2e6b
In base 7, what is 103 - 5041?
-4635
In base 2, what is -1111011101 + 101?
-1111011000
In base 7, what is 2305421 - -4?
2305425
In base 6, what is 115 - -151350?
151505
In base 15, what is -baa3 + -2?
-baa5
In base 16, what is 1aa95 - -2?
1aa97
In base 10, what is 1 - 151746?
-151745
In base 15, what is 98 + -2404?
-235b
In base 15, what is 75abb - 6?
75ab5
In base 8, what is 2471771 - -5?
2471776
In base 5, what is 2024 - -1120?
3144
In base 9, what is -14 - 13006?
-13021
In base 9, what is 1148 + 65?
1224
In base 8, what is -3 - -100363?
100360
In base 13, what is -5 + 312b6?
312b1
In base 14, what is 75b - 23?
738
In base 6, what is 212 - 501334?
-501122
In base 7, what is -6406 - -154?
-6222
In base 12, what is -34 - -79b3?
797b
In base 12, what is 66020 + 3?
66023
In base 7, what is -2302 + -12116?
-14421
In base 6, what is 5 + 520343?
520352
In base 16, what is -3e + 45e0?
45a2
In base 8, what is -74672 + -104?
-74776
In base 2, what is -101 - 1110110000101110?
-1110110000110011
In base 16, what is 946a - 0?
946a
In base 13, what is -5 + -1b41?
-1b46
In base 11, what is -19 - 2403?
-2421
In base 15, what is ab5 + -2?
ab3
In base 6, what is 1 - -12241212?
12241213
In base 15, what is 0 + -1253a5?
-1253a5
In base 6, what is -44 - 15421?
-15505
In base 15, what is -9cd0 - 1?
-9cd1
In base 16, what is 2 - -3636?
3638
In base 12, what is 14 - -264?
278
In base 14, what is -3 + 1bb154?
1bb151
In base 3, what is -10111101222 - 1111?
-10111110110
In base 7, what is -4 - -31262?
31255
In base 2, what is -11 + -1000110011110011011?
-1000110011110011110
In base 13, what is 1 - -c487?
c488
In base 11, what is -53a61 + -5?
-53a66
In base 4, what is 22 + -110223?
-110201
In base 12, what is a1 - -40a?
4ab
In base 7, what is -2516 + -235?
-3054
In base 7, what is 2004 - 1324?
350
In base 9, what is -263183 + -1?
-263184
In base 15, what is 238 - 2b?
20c
In base 4, what is 100 - -330002001?
330002101
In base 15, what is -e - -226?
217
In base 11, what is -265 - 53?
-308
In base 12, what is 3 + -15519?
-15516
In base 8, what is -177573 - 13?
-177606
In base 12, what is 45 - -14612?
14657
In base 3, what is 10020221212 - -102?
10020222021
In base 12, what is -29906 - 0?
-29906
In base 14, what is -9 + cb8?
cad
In base 12, what is -17 + -90556?
-90571
In base 3, what is 22221101 + -111?
22220220
In base 10, what is -2 + 4318?
4316
In base 3, what is 201212 + -22?
201120
In base 15, what is e7276 + -5?
e7271
In base 4, what is 2321 + 130?
3111
In base 13, what is c529 - -3?
c52c
In base 16, what is 468ec - 3?
468e9
In base 16, what is -d5bd + 2?
-d5bb
In base 3, what is 1012002020 + -21?
1012001222
In base 10, what is -1166707 - 1?
-1166708
In base 4, what is -22021 - -32321?
10300
In base 9, what is -146474 - -8?
-146465
In base 12, what is 2 + 34426?
34428
In base 4, what is -1102321321 + 0?
-1102321321
In base 8, what is 122715 - 17?
122676
In base 3, what is 100001 - -10220111?
11020112
In base 14, what is 7 - -d333?
d33a
In base 11, what is -7465 - 41?
-74a6
In base 3, what is -1001 + 201210010?
201202002
In base 16, what is -357 + -9?
-360
In base 7, what is -144 + 126021?
125544
In base 12, what is 3 + -9422?
-941b
In base 14, what is 13b0 + -2?
13ac
In base 10, what is -3 - 9965?
-9968
In base 3, what is 111210 + 20222?
202202
In base 8, what is -16616 + 11?
-16605
In base 10, what is -5 - -383617?
383612
In base 2, what is -11010010101100111 - -10?
-11010010101100101
In base 2, what is 100 + 110000000100101000?
110000000100101100
In base 16, what is 3 + dc?
df
In base 7, what is 3 + -25321?
-25315
In base 12, what is -4 - -5814?
5810
In base 16, what is 2b1 - -2?
2b3
In base 15, what is 1465 + -1c7?
128d
In base 13, what is 104c + 977?
19c6
In base 3, what is -2201212120 - -12?
-2201212101
In base 10, what is -5 - -43493?
43488
In base 11, what is -19 + 2584?
2566
In base 4, what is -121 + 200332?
200211
In base 7, what is 212141 - -3?
212144
In base 2, what is -10010110001111100 - 1000?
-10010110010000100
In base 10, what is -790405 - 0?
-790405
In base 15, what is -e + 1d73?
1d64
In base 10, what is -3 - -96609?
96606
In base 10, what is 5 - 16365?
-16360
In base 7, what is -16113435 + 0?
-16113435
In base 12, what is -4 + 942?
93a
In base 5, what is -10100 + -1440?
-12040
In base 6, what is -3120 + -3220?
-10340
In base 11, what is 30034 - -5?
30039
In base 7, what is 366631 + -3?
366625
In base 11, what is -29 - -1184?
1156
In base 15, what is -5 - 2957?
-295c
In base 10, what is 27669 + 28?
27697
In base 5, what is 1000240 + -11?
1000224
In base 15, what is -2 + b4cb3?
b4cb1
In base 6, what is -1153 - 143?
-1340
In base 4, what is -12 + -200223103?
-200223121
In base 4, what is 1 + -2332202103?
-2332202102
In base 2, what is -1000011011 + 100100110011?
11100011000
In base 11, what is 72 + -764?
-6a2
In base 9, what is -666 + -26?
-703
In base 16, what is -5 - 29cb6?
-29cbb
In base 10, what is -54451 - 5?
-54456
In base 13, what is 3 - -5255c?
52562
In base 4, what is 1123221 - -1112?
1130333
In base 4, what is 0 - -20212303?
20212303
In base 9, what is -1 + 26454?
26453
In base 15, what is -22 - -4d5?
4b3
In base 8, what is 10000374 - -4?
10000400
In base 13, what is 559c1 - 5?
559b9
In base 11, what is 1 - 16848?
-16847
In base 10, what is -4 + -703259?
-703263
In base 12, what is 3b + 308?
347
In base 9, what is -5 + 222688?
222683
In base 9, what is -38 + -426?
-465
In base 14, what is 1951 + 4?
1955
In base 4, what is 3 - 1322033?
-1322030
In base 12, what is 207 